{"id":725,"date":"2019-07-26T16:26:13","date_gmt":"2019-07-26T19:26:13","guid":{"rendered":"http:\/\/galeriafilmes.com.br\/galeriafilmes\/?page_id=725"},"modified":"2019-07-26T16:33:08","modified_gmt":"2019-07-26T19:33:08","slug":"sobre-nos","status":"publish","type":"page","link":"http:\/\/galeriafilmes.com.br\/galeriafilmes\/sobre-nos\/","title":{"rendered":"Sobre N\u00f3s"},"content":{"rendered":"<p>[et_pb_section fb_built=&#8221;1&#8243; _builder_version=&#8221;3.26.3&#8243;][et_pb_row _builder_version=&#8221;3.26.3&#8243;][et_pb_column type=&#8221;4_4&#8243; _builder_version=&#8221;3.26.3&#8243;][et_pb_post_title meta=&#8221;off&#8221; _builder_version=&#8221;3.26.3&#8243;][\/et_pb_post_title][et_pb_text _builder_version=&#8221;3.26.3&#8243; custom_margin=&#8221;17px||||false|false&#8221;]<\/p>\n<p>A<span>\u00a0<\/span><strong>Galeria Filmes<\/strong><span>\u00a0<\/span>\u00e9 uma produtora de conte\u00fado audiovisual para diversas m\u00eddias que atua no mercado desde 2004. Especializada em cria\u00e7\u00e3o e produ\u00e7\u00e3o de conte\u00fado de marca, a produtora completa 15 anos em 2019 com mais de 2 mil filmes e v\u00eddeos finalizados nos mais diferentes formatos, para clientes, ag\u00eancias e canais. Com sede pr\u00f3pria e um parque de equipamentos de \u00faltima gera\u00e7\u00e3o, oferece uma rela\u00e7\u00e3o custo-benef\u00edcio extremamente competitiva, criando solu\u00e7\u00f5es adequadas para cada projeto, mantendo sempre a qualidade est\u00e9tica refinada, sua marca registrada. Desde 2012 a produtora criou um n\u00facleo de desenvolvimento de conte\u00fado cultural e entretenimento e j\u00e1 traz em seu curr\u00edculo um document\u00e1rio longa-metragem \u2013 o \u201cLisergia Cl\u00e1ssica\u201d, duas s\u00e9ries para a plataforma Play Plus \u2013 \u201cPais da Nova Era\u201d com Marcos Mion e \u201cBola, vai no meu lugar?\u201d, al\u00e9m de curtas-metragens como \u201cUm Rio\u201d, \u201cMeu Foguete\u201d e \u201cChaplin SP\u201d selecionados em diversos festivais nacionais e internacionais, como o Festival Internacional de Curta Metragens de S\u00e3o Paulo e o Monstra Festival Internacional de Anima\u00e7\u00e3o de Lisboa. A Galeria Filmes iniciou 2019 com novos projetos em desenvolvimento, entre eles a s\u00e9rie em anima\u00e7\u00e3o \u201cMapi\u201d, contemplada em edital do FSA da Ancine, a s\u00e9rie infantil \u201cSafari no Jardim\u201d em fase de capta\u00e7\u00e3o de recursos e a s\u00e9rie documental \u201cRetratos Urbanos\u201d, em fase de produ\u00e7\u00e3o para o Canal Futura.<\/p>\n<p><strong>V\u00e2nia Ferreira<\/strong><span>\u00a0<\/span>\u2013 Com 26 anos de experi\u00eancia no mercado publicit\u00e1rio, trabalhou como diretora de contas nas ag\u00eancias Publicis, Lew,Lara TBWA, Young &amp; Rubicam e JWT, atendendo os clientes Nestl\u00e9, Adidas, Nokia, Walmart, Samsung e Unilever, sendo que para os dois \u00faltimos fez a coordena\u00e7\u00e3o dos neg\u00f3cios na Am\u00e9rica Latina, j\u00e1 na JWT onde ficou 8 anos. Desde 2006 atua na dire\u00e7\u00e3o de atendimento e produ\u00e7\u00e3o executiva da Galeria Filmes.<\/p>\n<p><strong>Bruno Vergueiro<\/strong><span>\u00a0<\/span>\u2013 Com 23 anos de experi\u00eancia na cria\u00e7\u00e3o e produ\u00e7\u00e3o audiovisual, j\u00e1 atuou em todas as etapas do processo, desde a cria\u00e7\u00e3o, dire\u00e7\u00e3o, produ\u00e7\u00e3o, fotografia e montagem. Estudou letras na faculdade mas quando descobriu que uma imagem vale mais do que mil palavras, se apaixonou profundamente pelo processo de produ\u00e7\u00e3o de imagens e conta\u00e7\u00e3o de hist\u00f3rias a partir delas. Atuou como coordenador de RTVC na Lew,Lara TBWA e logo ap\u00f3s esse per\u00edodo fundou a Galeria Filmes, em 2004, onde atua at\u00e9 hoje como diretor de cena e produtor executivo.<\/p>\n<p>Alguns dos clientes atendidos:<\/p>\n<p>[\/et_pb_text][et_pb_image src=&#8221;http:\/\/galeriafilmes.com.br\/galeriafilmes\/wp-content\/uploads\/2019\/07\/Clientes-1024&#215;546.jpg&#8221; _builder_version=&#8221;3.26.3&#8243;][\/et_pb_image][\/et_pb_column][\/et_pb_row][\/et_pb_section]<\/p>\n","protected":false},"excerpt":{"rendered":"<p>[et_pb_section fb_built=&#8221;1&#8243; _builder_version=&#8221;3.26.3&#8243;][et_pb_row _builder_version=&#8221;3.26.3&#8243;][et_pb_column type=&#8221;4_4&#8243; _builder_version=&#8221;3.26.3&#8243;][et_pb_post_title meta=&#8221;off&#8221; _builder_version=&#8221;3.26.3&#8243;][\/et_pb_post_title][et_pb_text _builder_version=&#8221;3.26.3&#8243; custom_margin=&#8221;17px||||false|false&#8221;] A\u00a0Galeria Filmes\u00a0\u00e9 uma produtora de conte\u00fado audiovisual para diversas m\u00eddias que atua no mercado desde 2004. Especializada em cria\u00e7\u00e3o e produ\u00e7\u00e3o de conte\u00fado de marca, a produtora completa 15 anos em 2019 com mais de 2 mil filmes e v\u00eddeos finalizados nos mais diferentes formatos, [&hellip;]<\/p>\n","protected":false},"author":1,"featured_media":0,"parent":0,"menu_order":0,"comment_status":"closed","ping_status":"closed","template":"","meta":{"_et_pb_use_builder":"on","_et_pb_old_content":"","footnotes":""},"class_list":["post-725","page","type-page","status-publish","hentry"],"_links":{"self":[{"href":"http:\/\/galeriafilmes.com.br\/galeriafilmes\/wp-json\/wp\/v2\/pages\/725","targetHints":{"allow":["GET"]}}],"collection":[{"href":"http:\/\/galeriafilmes.com.br\/galeriafilmes\/wp-json\/wp\/v2\/pages"}],"about":[{"href":"http:\/\/galeriafilmes.com.br\/galeriafilmes\/wp-json\/wp\/v2\/types\/page"}],"author":[{"embeddable":true,"href":"http:\/\/galeriafilmes.com.br\/galeriafilmes\/wp-json\/wp\/v2\/users\/1"}],"replies":[{"embeddable":true,"href":"http:\/\/galeriafilmes.com.br\/galeriafilmes\/wp-json\/wp\/v2\/comments?post=725"}],"version-history":[{"count":3,"href":"http:\/\/galeriafilmes.com.br\/galeriafilmes\/wp-json\/wp\/v2\/pages\/725\/revisions"}],"predecessor-version":[{"id":730,"href":"http:\/\/galeriafilmes.com.br\/galeriafilmes\/wp-json\/wp\/v2\/pages\/725\/revisions\/730"}],"wp:attachment":[{"href":"http:\/\/galeriafilmes.com.br\/galeriafilmes\/wp-json\/wp\/v2\/media?parent=725"}],"curies":[{"name":"wp","href":"https:\/\/api.w.org\/{rel}","templated":true}]}}