{"id":92,"date":"2013-05-05T21:55:13","date_gmt":"2013-05-06T00:55:13","guid":{"rendered":"http:\/\/galeriafilmes.tv\/site\/?page_id=58"},"modified":"2019-07-27T18:09:39","modified_gmt":"2019-07-27T21:09:39","slug":"projetos","status":"publish","type":"page","link":"http:\/\/galeriafilmes.com.br\/galeriafilmes\/projetos\/","title":{"rendered":"Projetos Culturais"},"content":{"rendered":"<p>[et_pb_section fb_built=&#8221;1&#8243; admin_label=&#8221;section&#8221; _builder_version=&#8221;3.22&#8243;][et_pb_row admin_label=&#8221;row&#8221; _builder_version=&#8221;3.25&#8243; background_size=&#8221;initial&#8221; background_position=&#8221;top_left&#8221; background_repeat=&#8221;repeat&#8221;][et_pb_column type=&#8221;4_4&#8243; _builder_version=&#8221;3.25&#8243; custom_padding=&#8221;|||&#8221; custom_padding__hover=&#8221;|||&#8221;][et_pb_post_title _builder_version=&#8221;3.26.3&#8243; meta=&#8221;off&#8221;][\/et_pb_post_title][et_pb_text admin_label=&#8221;Text&#8221; _builder_version=&#8221;3.0.74&#8243; background_size=&#8221;initial&#8221; background_position=&#8221;top_left&#8221; background_repeat=&#8221;repeat&#8221;]<\/p>\n<div id=\"page-171\" class=\"post child-page page\">\n<div class=\"entry\">\n<div class=\"entry-content clearfix\">\n<p><a href=\"http:\/\/galeriafilmes.com.br\/galeriafilmes\/projetos\/171-2\/\">Olhar para tudo<\/a>\u00a0deseja conduzir o olhar curioso das crian\u00e7as para o vasto universo do conhecimento, com arte, criatividade e divers\u00e3o.\u00a0E busca contribuir para a forma\u00e7\u00e3o de cidad\u00e3os cr\u00edticos, atuantes, engajados em objetivos que valorizem o respeito pela rica diversidade do ser humano e da natureza.<\/p>\n<p>&nbsp;<\/p>\n<\/div>\n<\/div>\n<\/div>\n<div id=\"page-153\" class=\"post child-page page\">\n<div class=\"entry\">\n<div class=\"entry-content clearfix\">\n<div class=\"excerpt-thumb\"><\/div>\n<p><a href=\"http:\/\/galeriafilmes.com.br\/galeriafilmes\/projetos\/lisergia-classica\/\">Filme conta a hist\u00f3ri<\/a>a do surgimento da cultura surf no Brasil, passando pelas influ\u00eancias americanas e peruanas. Com o longboard, ou pranch\u00e3o, como fio condutor, pioneiros do esporte no Rio de Janeiro e S\u00e3o Paulo abrem o ba\u00fa de mem\u00f3rias e sentimentos desde os finais da d\u00e9cada de 50. As primeiras ondas surfadas na costa \u2026<\/p>\n<p>&nbsp;<\/p>\n<\/div>\n<\/div>\n<\/div>\n<div id=\"page-200\" class=\"post child-page page\">\n<div class=\"entry\">\n<div class=\"entry-content clearfix\">\n<div class=\"excerpt-thumb\"><\/div>\n<p><a href=\"http:\/\/galeriafilmes.com.br\/galeriafilmes\/projetos\/one-day-job\/\">One Day Job<\/a> \u00e9 um projeto da Galeria Filmes onde artistas de express\u00f5es variadas s\u00e3o convidados para fazer um \u201cjob\u201d em um dia. Voc\u00ea faz o job em um dia? Vamos conversar.<\/p>\n<\/div>\n<\/div>\n<\/div>\n<div id=\"page-325\" class=\"post child-page page\">\n<div class=\"entry\">\n<div class=\"entry-content clearfix\">\n<div class=\"excerpt-thumb\"><\/div>\n<p>Este filme demorou dois anos para ser realizado. Essencialmente, \u00e9 um recorte de v\u00e1rios filmes do Chaplin transformado em anima\u00e7\u00e3o \u201cstop-motion\u201d. Cada frame, um \u201cstencil\u201d feito a m\u00e3o. Pintamos 650 \u201cstencils\u201d pelos bairros da Vila Madalena, Pomp\u00e9ia e Sumar\u00e9 e escolhemos 180 na edi\u00e7\u00e3o final. Um Filme de Matias Vellutini e equipe.\u00a0<\/p>\n<p>&nbsp;<\/p>\n<\/div>\n<\/div>\n<\/div>\n<div id=\"page-355\" class=\"post child-page page\">\n<div class=\"entry\">\n<div class=\"entry-content clearfix\">\n<div class=\"excerpt-thumb\"><\/div>\n<p><a href=\"http:\/\/galeriafilmes.com.br\/galeriafilmes\/projetos\/empena-cega\">Atrav\u00e9s da arte urbana, Empena Cega<\/a> questiona nossa rela\u00e7\u00e3o com a cidade, com o espa\u00e7o e a sociedade, com o outro. O curta \u00e9 inspirado e ilustrado pela obra \u201cHomem Urbano\u201d, do artista argentino Tec.<\/p>\n<p>&nbsp;<\/p>\n<\/div>\n<\/div>\n<\/div>\n<div id=\"page-341\" class=\"post child-page page\">\n<div class=\"entry\">\n<div class=\"entry-content clearfix\">\n<div class=\"excerpt-thumb\"><\/div>\n<p><a href=\"http:\/\/galeriafilmes.com.br\/galeriafilmes\/projetos\/batucada-de-responsa\/\">Mini-Doc sobre a bateria da escola de samba Rosas de Ouro<\/a>. 7 minutos que falam sobre o envolvimento dos ritmistas, o ciclo de renova\u00e7\u00e3o e os valores que levamos pra vida quando fazemos algo com amor. Um filme de Matias Vellutini e Pedro Marques, produ\u00e7\u00e3o executiva da Vania Ferreira e produ\u00e7\u00e3o da Galeria Filmes.<\/p>\n<\/div>\n<\/div>\n<\/div>\n<div id=\"page-192\" class=\"post child-page page\">\n<div class=\"entry\">\n<div class=\"entry-content clearfix\">\n<div class=\"excerpt-thumb\"><\/div>\n<p>Document\u00e1rio curta-metragem sobre o movimento de resgate da cultura dos c\u00e2nticos de trabalho, no interior da Bahia, chamado de Movimento da Quixabeira. Um filme de Bruno Vergueiro e equipe.<\/p>\n<\/div>\n<\/div>\n<\/div>\n<p>[\/et_pb_text][\/et_pb_column][\/et_pb_row][\/et_pb_section]<\/p>\n","protected":false},"excerpt":{"rendered":"<p>[et_pb_section fb_built=&#8221;1&#8243; admin_label=&#8221;section&#8221; _builder_version=&#8221;3.22&#8243;][et_pb_row admin_label=&#8221;row&#8221; _builder_version=&#8221;3.25&#8243; background_size=&#8221;initial&#8221; background_position=&#8221;top_left&#8221; background_repeat=&#8221;repeat&#8221;][et_pb_column type=&#8221;4_4&#8243; _builder_version=&#8221;3.25&#8243; custom_padding=&#8221;|||&#8221; custom_padding__hover=&#8221;|||&#8221;][et_pb_post_title _builder_version=&#8221;3.26.3&#8243; meta=&#8221;off&#8221;][\/et_pb_post_title][et_pb_text admin_label=&#8221;Text&#8221; _builder_version=&#8221;3.0.74&#8243; background_size=&#8221;initial&#8221; background_position=&#8221;top_left&#8221; background_repeat=&#8221;repeat&#8221;] Olhar para tudo\u00a0deseja conduzir o olhar curioso das crian\u00e7as para o vasto universo do conhecimento, com arte, criatividade e divers\u00e3o.\u00a0E busca contribuir para a forma\u00e7\u00e3o de cidad\u00e3os cr\u00edticos, atuantes, engajados em objetivos que valorizem o [&hellip;]<\/p>\n","protected":false},"author":2,"featured_media":0,"parent":0,"menu_order":2,"comment_status":"open","ping_status":"closed","template":"","meta":{"_et_pb_use_builder":"on","_et_pb_old_content":"<div id=\"page-171\" class=\"post child-page page\">\n<div class=\"entry\">\n<div class=\"entry-content clearfix\">\n\nOlhar para tudo\u00a0deseja conduzir o olhar curioso das crian\u00e7as para o vasto universo do conhecimento, com arte, criatividade e divers\u00e3o.\u00a0E busca contribuir para a forma\u00e7\u00e3o de cidad\u00e3os cr\u00edticos, atuantes, engajados em objetivos que valorizem o respeito pela rica diversidade do ser humano e da natureza.\n\n<\/div>\n<\/div>\n<\/div>\n<div id=\"page-153\" class=\"post child-page page\">\n<div class=\"entry\">\n<div class=\"entry-content clearfix\">\n<div class=\"excerpt-thumb\"><\/div>\nFilme conta a hist\u00f3ria do surgimento da cultura surf no Brasil, passando pelas influ\u00eancias americanas e peruanas. Com o longboard, ou pranch\u00e3o, como fio condutor, pioneiros do esporte no Rio de Janeiro e S\u00e3o Paulo abrem o ba\u00fa de mem\u00f3rias e sentimentos desde os finais da d\u00e9cada de 50. As primeiras ondas surfadas na costa \u2026\n\n<\/div>\n<\/div>\n<\/div>\n<div id=\"page-200\" class=\"post child-page page\">\n<div class=\"entry\">\n<div class=\"entry-content clearfix\">\n<div class=\"excerpt-thumb\"><\/div>\nOne Day Job \u00e9 um projeto da Galeria Filmes onde artistas de express\u00f5es variadas s\u00e3o convidados para fazer um \u201cjob\u201d em um dia. Voc\u00ea faz o job em um dia? Vamos conversar.\n\n<\/div>\n<\/div>\n<\/div>\n<div id=\"page-325\" class=\"post child-page page\">\n<div class=\"entry\">\n<div class=\"entry-content clearfix\">\n<div class=\"excerpt-thumb\"><\/div>\nEste filme demorou dois anos para ser realizado. Essencialmente, \u00e9 um recorte de v\u00e1rios filmes do Chaplin transformado em anima\u00e7\u00e3o \u201cstop-motion\u201d. Cada frame, um \u201cstencil\u201d feito a m\u00e3o. Pintamos 650 \u201cstencils\u201d pelos bairros da Vila Madalena, Pomp\u00e9ia e Sumar\u00e9 e escolhemos 180 na edi\u00e7\u00e3o final. Um Filme de Matias Vellutini e equipe.\n\n<\/div>\n<\/div>\n<\/div>\n<div id=\"page-355\" class=\"post child-page page\">\n<div class=\"entry\">\n<div class=\"entry-content clearfix\">\n<div class=\"excerpt-thumb\"><\/div>\nAtrav\u00e9s da arte urbana, Empena Cega questiona nossa rela\u00e7\u00e3o com a cidade, com o espa\u00e7o e a sociedade, com o outro. O curta \u00e9 inspirado e ilustrado pela obra \u201cHomem Urbano\u201d, do artista argentino Tec.\n\n<\/div>\n<\/div>\n<\/div>\n<div id=\"page-341\" class=\"post child-page page\">\n<div class=\"entry\">\n<div class=\"entry-content clearfix\">\n<div class=\"excerpt-thumb\"><\/div>\nMini-Doc sobre a bateria da escola de samba Rosas de Ouro. 7 minutos que falam sobre o envolvimento dos ritmistas, o ciclo de renova\u00e7\u00e3o e os valores que levamos pra vida quando fazemos algo com amor. Um filme de Matias Vellutini e Pedro Marques, produ\u00e7\u00e3o executiva da Vania Ferreira e produ\u00e7\u00e3o da Galeria Filmes.\n\n<\/div>\n<\/div>\n<\/div>\n<div id=\"page-192\" class=\"post child-page page\">\n<div class=\"entry\">\n<div class=\"entry-content clearfix\">\n<div class=\"excerpt-thumb\"><\/div>\nDocument\u00e1rio curta-metragem sobre o movimento de resgate da cultura dos c\u00e2nticos de trabalho, no interior da Bahia, chamado de Movimento da Quixabeira. Um filme de Bruno Vergueiro e equipe.\n\n<\/div>\n<\/div>\n<\/div>","footnotes":""},"class_list":["post-92","page","type-page","status-publish","hentry"],"_links":{"self":[{"href":"http:\/\/galeriafilmes.com.br\/galeriafilmes\/wp-json\/wp\/v2\/pages\/92","targetHints":{"allow":["GET"]}}],"collection":[{"href":"http:\/\/galeriafilmes.com.br\/galeriafilmes\/wp-json\/wp\/v2\/pages"}],"about":[{"href":"http:\/\/galeriafilmes.com.br\/galeriafilmes\/wp-json\/wp\/v2\/types\/page"}],"author":[{"embeddable":true,"href":"http:\/\/galeriafilmes.com.br\/galeriafilmes\/wp-json\/wp\/v2\/users\/2"}],"replies":[{"embeddable":true,"href":"http:\/\/galeriafilmes.com.br\/galeriafilmes\/wp-json\/wp\/v2\/comments?post=92"}],"version-history":[{"count":5,"href":"http:\/\/galeriafilmes.com.br\/galeriafilmes\/wp-json\/wp\/v2\/pages\/92\/revisions"}],"predecessor-version":[{"id":766,"href":"http:\/\/galeriafilmes.com.br\/galeriafilmes\/wp-json\/wp\/v2\/pages\/92\/revisions\/766"}],"wp:attachment":[{"href":"http:\/\/galeriafilmes.com.br\/galeriafilmes\/wp-json\/wp\/v2\/media?parent=92"}],"curies":[{"name":"wp","href":"https:\/\/api.w.org\/{rel}","templated":true}]}}